its digit of 42038?
8
What is the units digit of 16726?
6
What is the hundreds digit of 517?
5
What is the tens digit of 834?
3
What is the tens digit of 806?
0
What is the units digit of 668?
8
What is the thousands digit of 19564?
9
What is the tens digit of 10853?
5
What is the hundreds digit of 55274?
2
What is the thousands digit of 23419?
3
What is the units digit of 38620?
0
What is the hundreds digit of 5093?
0
What is the units digit of 37722?
2
What is the units digit of 102351?
1
What is the units digit of 9942?
2
What is the units digit of 882?
2
What is the units digit of 478?
8
What is the ten thousands digit of 39054?
3
What is the thousands digit of 1071?
1
What is the thousands digit of 150354?
0
What is the tens digit of 618?
1
What is the ten thousands digit of 18334?
1
What is the hundreds digit of 616?
6
What is the ten thousands digit of 10614?
1
What is the thousands digit of 2180?
2
What is the tens digit of 13694?
9
What is the hundreds digit of 8571?
5
What is the ten thousands digit of 12577?
1
What is the thousands digit of 40224?
0
What is the ten thousands digit of 17349?
1
What is the units digit of 1687?
7
What is the tens digit of 68113?
1
What is the thousands digit of 64304?
4
What is the units digit of 141916?
6
What is the thousands digit of 2544?
2
What is the thousands digit of 3593?
3
What is the tens digit of 63786?
8
What is the units digit of 8591?
1
What is the thousands digit of 3041?
3
What is the thousands digit of 15668?
5
What is the hundreds digit of 804?
8
What is the thousands digit of 28572?
8
What is the units digit of 955?
5
What is the hundreds digit of 8598?
5
What is the thousands digit of 2564?
2
What is the tens digit of 24748?
4
What is the tens digit of 72?
7
What is the hundreds digit of 49979?
9
What is the hundreds digit of 183?
1
What is the thousands digit of 10602?
0
What is the units digit of 15703?
3
What is the ten thousands digit of 14263?
1
What is the ten thousands digit of 13735?
1
What is the units digit of 1098?
8
What is the ten thousands digit of 69150?
6
What is the hundreds digit of 969?
9
What is the units digit of 13523?
3
What is the units digit of 21090?
0
What is the tens digit of 5048?
4
What is the units digit of 4882?
2
What is the ten thousands digit of 10492?
1
What is the thousands digit of 148296?
8
What is the thousands digit of 4047?
4
What is the ten thousands digit of 81472?
8
What is the thousands digit of 67762?
7
What is the units digit of 594?
4
What is the hundreds digit of 774?
7
What is the units digit of 25145?
5
What is the tens digit of 775?
7
What is the hundreds digit of 9756?
7
What is the tens digit of 6870?
7
What is the hundreds digit of 9730?
7
What is the units digit of 1140?
0
What is the hundreds digit of 2982?
9
What is the tens digit of 2803?
0
What is the units digit of 946?
6
What is the tens digit of 70567?
6
What is the tens digit of 7860?
6
What is the hundreds digit of 2123?
1
What is the tens digit of 140?
4
What is the units digit of 8362?
2
What is the ten thousands digit of 64700?
6
What is the tens digit of 13140?
4
What is the hundreds digit of 1199?
1
What is the tens digit of 2197?
9
What is the thousands digit of 1211?
1
What is the units digit of 14315?
5
What is the ten thousands digit of 74960?
7
What is the tens digit of 11555?
5
What is the hundreds digit of 16593?
5
What is the thousands digit of 2970?
2
What is the hundreds digit of 4444?
4
What is the thousands digit of 21318?
1
What is the tens digit of 1136?
3
What is the thousands digit of 7503?
7
What is the units digit of 13097?
7
What is the hundreds digit of 137?
1
What is the thousands digit of 32511?
2
What is the hundreds digit of 33060?
0
What is the tens digit of 7712?
1
What is the tens digit of 65141?
4
What is the hundreds digit of 4762?
7
What is the ten thousands digit of 13544?
1
What is the hundreds digit of 1173?
1
What is the tens digit of 6255?
5
What is the thousands digit of 5210?
5
What is the tens digit of 5685?
8
What is the units digit of 214?
4
What is the ten thousands digit of 62430?
6
What is the units digit of 1773?
3
What is the tens digit of 42263?
6
What is the hundreds digit of 1743?
7
What is the units digit of 88888?
8
What is the tens digit of 3635?
3
What is the tens digit of 95333?
3
What is the hundreds digit of 104897?
8
What is the thousands digit of 2252?
2
What is the hundreds digit of 2120?
1
What is the tens digit of 6768?
6
What is the units digit of 41939?
9
What is the units digit of 29988?
8
What is the thousands digit of 5279?
5
What is the tens digit of 10908?
0
What is the thousands digit of 8136?
8
What is the units digit of 39?
9
What is the thousands digit of 56793?
6
What is the units digit of 12548?
8
What is the ten thousands digit of 18254?
1
What is the tens digit of 543?
4
What is the units digit of 100191?
1
What is the thousands digit of 3367?
3
What is the units digit of 29747?
7
What is the tens digit of 12807?
0
What is the tens digit of 12732?
3
What is the tens digit of 61790?
9
What is the hundreds digit of 14276?
2
What is the thousands digit of 134997?
4
What is the ten thousands digit of 34295?
3
What is the units digit of 1350?
0
What is the tens digit of 2099?
9
What is the tens digit of 16996?
9
What is the hundreds digit of 27908?
9
What is the tens digit of 2257?
5
What is the hundreds digit of 191?
1
What is the thousands digit of 1999?
1
What is the thousands digit of 19699?
9
What is the units digit of 187?
7
What is the units digit of 13848?
8
What is the units digit of 164?
4
What is the ten thousands digit of 63309?
6
What is the tens digit of 4315?
1
What is the units digit of 14277?
7
What is the tens digit of 6631?
3
What is the hundreds digit of 196?
1
What is the units digit of 127?
7
What is the hundreds digit of 67879?
8
What is the ten thousands digit of 20608?
2
What is the tens digit of 2645?
4
What is the units digit of 1596?
6
What is the tens digit of 29158?
5
What is the hundreds digit of 3568?
5
What is the hundreds digit of 807?
8
What is the tens digit of 1186?
8
What is the tens digit of 50179?
7
What is the units digit of 804?
4
What is the hundreds digit of 32554?
5
What is the thousands digit of 12897?
2
What is the thousands digit of 1383?
1
What is the thousands digit of 4277?
4
What is the thousands digit of 5497?
5
What is the units digit of 984?
4
What is the thousands digit of 46511?
6
What is the units digit of 16039?
9
What is the ten thousands digit of 157697?
5
What is the tens digit of 574?
7
What is the thousands digit of 18934?
8
What is the hundreds digit of 3543?
5
What is the hundreds digit of 16518?
5
What is the hundreds digit of 1185?
1
What is the hundreds digit of 9549?
5
What is the hundreds digit of 59687?
6
What is the units digit of 656?
6
What is the thousands digit of 63819?
3
What is the units digit of 51218?
8
What is the units digit of 2419?
9
What is the tens digit of 576?
7
What is the hundreds digit of 22567?
5
What is the hundreds digit of 2052?
0
What is the ten thousands digit of 43487?
4
What is the units digit of 82311?
1
What is the units digit of 40192?
2
What is the tens digit of 9001?
0
What is the thousands digit of 30583?
0
What is the hundreds digit of 8915?
9
What is the tens digit of 353?
5
What is the tens digit of 11244?
4
What is the units digit of 6909?
9
What is the tens digit of 146992?
9
What is the tens digit of 651?
5
What is the hundreds digit of 1516?
5
What is the tens digit of 89?
8
What is the units digit of 283?
3
What is the tens digit of 2799?
9
What is the units digit of 222?
2
What is the thousands digit of 19749?
9
What is the tens digit of 70?
7
What is the units digit of 16472?
2
What is the hundreds digit of 681?
6
What is the hundreds digit of 1599?
5
What is the units digit of 120572?
2
What is the thousands digit of 33954?
3
What is the ten thousands digit of 11548?
1
What is the hundreds digit of 5946?
9
What is the units digit of 2336?
6
What is the units digit of 5574?
4
What is the thousands digit of 1147?
1
What is the tens digit of 1486?
8
What is the thousands digit of 2147?
2
What is the hundreds digit of 36353?
3
What is the hundreds digit of 27045?
0
What is the